- 290. Let o be (-3)/(-9) - u/(-6). Calculate the highest common divisor of o and 60.
12
Suppose -4 + 3 = -d, 37 = 2*i + 3*d. Let z = 351 - 198. What is the greatest common divisor of i and z?
17
Let r(a) = -a**2 + 17*a + 18. Let s be r(17). What is the highest common divisor of s and 234?
18
Suppose k - 2*d = 90, 3*k - d = -2*k + 450. Suppose 0 = n - 4 + 1. Suppose 4*w - n*w = 10. Calculate the highest common divisor of w and k.
10
Let s be 2/(-4) + 44/8. Let j be 6/2*(1 + 0). Suppose 0*i - 4*i = -5*x + 121, -2*i = -j*x + 73. What is the greatest common divisor of x and s?
5
Suppose 15 = 5*d, -8*d - 135 = -4*p - 13*d. What is the greatest common divisor of p and 30?
30
Let v(p) = -p**3 + 3*p**2 - 2*p + 2. Let w be v(2). Let y be (-1)/(-4) - (-14)/8. Calculate the highest common factor of y and w.
2
Let k(x) = -46*x - 1. Let p be k(-1). Let o be (-1479)/p + (-8)/60. Let z = o + 105. Calculate the greatest common divisor of z and 12.
12
Let l(s) = s**3 - 78*s**2 + 298*s + 92. Let i be l(74). What is the highest common divisor of 320 and i?
80
Let f = 564 + -561. Calculate the greatest common factor of 66 and f.
3
Let q = 307 + -219. Let c be (-2)/5 - (-24)/10. Suppose 0 = -2*d + c*b + 14, 44 = 4*d + 3*b + 9. What is the greatest common factor of q and d?
8
Let v = 22 - -107. Calculate the highest common divisor of 172 and v.
43
Let y be (-6)/(-2 - (-3)/1). Let v = 5 - y. What is the highest common factor of 77 and v?
11
Let l = 44 - -28. What is the greatest common divisor of l and 576?
72
Suppose 2*r + 4*l + 87 = 5*r, -3*r + 87 = 4*l. Suppose -16*p = -15*p - r. Calculate the greatest common divisor of p and 261.
29
Let c = 293 - 279. What is the greatest common divisor of 49 and c?
7
Let i = 183 + -271. Let u = -68 - i. What is the highest common factor of 5 and u?
5
Suppose -83*w = -80*w - 84. What is the greatest common factor of 350 and w?
14
Let s(r) = 3*r**2 - 121*r + 64. Let k be s(40). Calculate the greatest common divisor of k and 3.
3
Let d = 578 + -243. Let s be (-3)/(d/(-110) - -3). Calculate the greatest common divisor of s and 6.
6
Let z = -204 - -372. What is the highest common divisor of z and 24?
24
Suppose 223*j - 198 = 214*j. What is the greatest common factor of 902 and j?
22
Let q be (-260)/(-15)*3/2. Suppose x - q = 5*v, -2*x - v - 1 + 20 = 0. What is the greatest common factor of 33 and x?
11
Let t(g) = -g**3 + g**2 + g. Let m(r) = -5*r**3 - 4*r**2 + 6*r + 6. Let x(c) = m(c) - 6*t(c). Let d be x(10). Calculate the highest common divisor of 15 and d.
3
Let b = -18 - -27. Suppose -160 = -b*s + s. What is the highest common factor of 30 and s?
10
Let g(m) = m**2 - 46*m + 420. Let k be g(42). What is the greatest common divisor of 180 and k?
36
Let p(w) = 2*w**3 - 51*w**2 - 23*w - 42. Let c be p(26). What is the greatest common divisor of c and 2916?
36
Let c be 4 + (-2 - (-3 + -18)) - 2. Calculate the greatest common divisor of c and 18.
3
Suppose 5*g - 3*v = 7*g - 29, 0 = 3*g + 2*v - 31. Suppose -g - 19 = -2*p. Calculate the greatest common divisor of 52 and p.
13
Suppose -5*r + 4*d = -0*d - 1209, -4*d = 4*r - 960. Let p = -98 + r. What is the greatest common factor of 26 and p?
13
Let i(o) = 3*o**2 + 7*o + 2. Let c be i(-5). Calculate the greatest common factor of 357 and c.
21
Let g = -670 - -924. What is the greatest common factor of 2 and g?
2
Suppose -33*z = 18*z - 612. What is the greatest common factor of z and 696?
12
Suppose 26*i = -10*i + 7488. What is the greatest common factor of 24 and i?
8
Suppose -5*t + a + 16 = -46, 0 = 5*t - 4*a - 53. Calculate the highest common factor of t and 13.
13
Let w(q) = 11*q**2 - 2*q - 3. Let l(r) = 12*r - 4. Let d be l(2). Suppose -7*o + 8 = -d. Let n be w(o). What is the greatest common divisor of n and 15?
15
Let a(n) = n**3 + 37*n**2 - 36*n + 88. Let v be a(-38). Let i = -4 - -10. Calculate the greatest common divisor of i and v.
6
Let v(q) = q**3 - 13*q**2 + 12*q. Let p be v(12). Suppose p = 4*d - 7*d + 24. Suppose 128 = -3*n + 5*n. What is the highest common factor of n and d?
8
Let z(t) = t**3 + t + 40. Let v = -10 + 10. Let r be z(v). Suppose -5*m + 50 = -r. What is the greatest common factor of m and 12?
6
Suppose -7*a - 24 = -13*a. Suppose -4*m - 6 - 118 = -4*h, -3*h + 88 = -a*m. What is the greatest common factor of 324 and h?
36
Let y be (-9 + 0)/((-12)/28). Calculate the greatest common factor of 21 and y.
21
Let z be (-2*16/40)/((-1)/30). Calculate the greatest common divisor of 66 and z.
6
Let d = -1448 + 1457. Let k(n) = -n + 3. Let t be k(-6). What is the greatest common factor of t and d?
9
Suppose -4*w - 90 = -w. Suppose 0 = o + 3*r + 25, -7 - 45 = 4*o - 4*r. Let z be (-33)/(-2 + w/o). What is the greatest common factor of 24 and z?
24
Let w(b) = b**3 - 25*b**2 - 27*b + 84. Let r be w(26). Calculate the highest common divisor of r and 232.
58
Let g(q) = q**3 - 12*q**2 + 13*q - 1. Let v be g(11). Let p(a) = a + 63. Let b be p(0). Calculate the highest common factor of b and v.
21
Let x be 3/(((-21)/34)/7). Let r be ((x/(-6))/(-1))/(2/(-6)). What is the greatest common divisor of r and 136?
17
Suppose 3*l = l - p + 139, 275 = 4*l + 5*p. Suppose 0 = -3*s - 2*c + l, 3*s - 75 = -4*c + c. Calculate the greatest common factor of s and 30.
10
Let b(v) be the third derivative of -53*v**4/12 + v**3/3 + 23*v**2. Let s be b(-1). Calculate the highest common divisor of 27 and s.
27
Suppose 0 = 4*o + 5*i + 242, 2*o + 3*i + 31 + 91 = 0. Let m = -56 - o. What is the highest common divisor of m and 2?
2
Suppose -5 + 10 = 5*b, 4*i - 2*b - 358 = 0. Let d = -10 - -20. What is the highest common factor of i and d?
10
Suppose 145 = -4*p - 111. Let s = -57 - p. Suppose t - 2*l = 8 + 13, 5*t - 3*l = 105. What is the highest common divisor of t and s?
7
Let n(k) = -10*k**2 + 1. Let y be n(-1). Let g be -30*(1 - (-12)/y). Calculate the highest common divisor of 1 and g.
1
Suppose q - 5*v = 373, -5*q + 0*q - 4*v + 1894 = 0. What is the greatest common factor of q and 42?
42
Let b = 72 - 69. Calculate the greatest common divisor of 13 and b.
1
Let t be (-27 + 23)*(3 - 46). Calculate the greatest common divisor of t and 1118.
86
Let s = -844 + 946. Calculate the highest common factor of 408 and s.
102
Suppose 2*q - 7*q = -460. Let w = q - 53. What is the highest common factor of 195 and w?
39
Let j = 137 - 75. What is the highest common divisor of 465 and j?
31
Let i(w) = w**2 + 2*w. Let k be i(2). Suppose 20*y = 653 + 147. What is the highest common divisor of y and k?
8
Suppose l - 3 = -k, -4*l - 3 = k - 2*k. Suppose -199 = -4*n - k*y + 158, -4*y = 4. Calculate the greatest common factor of 10 and n.
10
Let l(x) = 2*x**2 + 8*x - 9. Let u be l(-7). Let p = 37 - u. Suppose -5*t + w + 123 = 5*w, w = p*t - 111. What is the highest common divisor of 189 and t?
27
Let z(r) = -r + 17. Let v = 13 + -13. Let p be z(v). Calculate the greatest common divisor of 51 and p.
17
Let y = -319 - -363. Calculate the highest common divisor of y and 253.
11
Let f be ((-1)/2)/((-2)/76). Let c(r) = -22*r + 55. Let q be c(-7). Calculate the greatest common divisor of q and f.
19
Suppose -22*x = -3*x - 1045. Calculate the greatest common factor of x and 10.
5
Let g(t) = -t**3 + 2*t**2 - 2*t + 1. Let i be (-374)/(-85) - (-4)/(-10). Let k be g(i). Let b = -15 - k. What is the highest common divisor of b and 6?
6
Suppose -o + 5 = 2*w, 38 = -5*o + 4*w + 119. Suppose -5*t + o*t = 224. What is the greatest common factor of t and 224?
28
Suppose -1 = -2*u + 7. Let j be 4*3/u*2. Suppose 3*n = 5*l - n - 60, 3*l = 3*n + 36. Calculate the highest common factor of j and l.
6
Let t = 41 + -35. Suppose -2*w = -5*j + 428, t*j = j - 3*w + 408. What is the highest common factor of 21 and j?
21
Let b be (32/(-40))/(2/65). Let m = 49 + b. Suppose 0 = -u + 2*c + 33 + 90, 4*c - 329 = -3*u. Calculate the greatest common factor of u and m.
23
Let i = 0 - -4. Suppose 3*h - 4*h - 5*y = -28, 4*h - i*y = -8. Suppose -3*q + 18 = 3*x, q - 7 + 19 = 2*x. Calculate the greatest common factor of h and x.
3
Suppose -48 = -2*z + 4*f + 2, -2*f + 5 = z. Suppose -4*t + 8 = -12. Suppose -2*n - 22 = -q - 3, 83 = t*q - 4*n. What is the highest common factor of z and q?
15
Let x = 762 - 522. Let v be (2 + 0)*(13 + -1). Calculate the highest common f